-8
Let t(a) = 9*a - 3. Let g(w) = -4*w + 1. Let i(j) = -7*g(j) - 3*t(j). Let h(c) = 3*c + 16. Let r be h(-7). What is i(r)?
-3
Suppose -17*d + 89 = 123. Let l(y) = -7*y + 1. Determine l(d).
15
Let o(u) = -7*u**2 - 6*u + 7. Let k(g) = -13*g**2 - 11*g + 12. Let j(m) = 6*k(m) - 11*o(m). Give j(-5).
-30
Let k be 1/7 - ((-75)/(-35) - -1). Let q(d) = -3 - 3*d**2 + 3*d - 5*d + 4 + 0*d - d**3. Give q(k).
7
Let j(m) = -5*m**3 - m + 1. Let z be (-3899)/(-35) - 4/10. Let n be (-1)/3 + z/9. Suppose a - 5*a = -4*w - n, -w + 5 = a. Give j(w).
-5
Let m(w) = -8*w - 1. Let q(a) = 3*a. Let c(b) = -4*m(b) - 11*q(b). Suppose -j + 18 = 2*n, -n + 6 = -j - 6. Determine c(n).
-6
Let l(r) = 11*r**3 - 21*r**2 - 4*r. Suppose -36 = -6*o - 0*o. Let a(g) = 5*g**3 - 10*g**2 - 2*g. Let s(t) = o*l(t) - 13*a(t). What is s(-2)?
4
Suppose -985 + 1141 = 26*u. Let l(p) = -p**2 + 10*p - 30. Determine l(u).
-6
Suppose 4*p + 0 = 24. Suppose 2*f - 4*g - 24 = 0, 32 = 4*f + 2*g - p*g. Let m(y) = 6 - 75*y - 3 + 102*y - 31*y. What is m(f)?
-13
Let w(y) = -y**3 + 3*y**2 + y + 1. Let o(v) = 2*v**3 - 16*v**2 + 5*v + 1. Let i(u) = o(u) + 3*w(u). Give i(-8).
4
Let s(d) be the second derivative of -d**4/12 - 3*d**3/2 - 7*d**2/2 - 3*d. Suppose -38 = 5*y - l, -6*l = -3*y - 4*l - 20. Determine s(y).
1
Let c(i) = i**3 - 7*i**2 - i - 7. Let y(n) = -n**2 - 4*n + 4. Let p be y(-1). Calculate c(p).
-14
Let b(o) = 3*o - 69 - 83 + 162. What is b(-4)?
-2
Suppose 4*q + 5*u = 50, 5*q - 4*u - 12 = 3*q. Let b(r) = r**3 - 9*r**2 - 9*r + 5. Give b(q).
15
Let s be (8 - 5)*35/(-15). Let n = 11 - 7. Let j(g) = -2*g + 9 + 1 + n*g. Give j(s).
-4
Let l be (-3)/1 - (6 + -8). Let g be (l/(-3))/((-9)/81). Let j(n) = -n**2 - n - 4. Give j(g).
-10
Let h(n) = 11*n + 8 - 5 + 4*n. Let s(d) = 4*d + 1. Let r(f) = 6*h(f) - 22*s(f). What is r(-4)?
-12
Let i(h) = -h**3 - 8*h**2 + 2. Let t be 34 - (-1 - (-3 - -2)). Suppose -w = -5*q + 154 - 26, q - t = 3*w. Suppose -10 = -o - o, 0 = 5*j + 3*o + q. What is i(j)?
2
Suppose 19*x - 130 = -35. Let l(o) = -3*o + 3. Let k(h) = -7*h + 5. Let d(r) = 2*k(r) - 5*l(r). What is d(x)?
0
Let v(z) = -z**2 - 13*z - 37. Let m = -817 - -812. Determine v(m).
3
Suppose 0 = 4*k - 3*z - 21, 40 = 5*k - z - 0*z. Let y(g) = -g**3 + 8*g**2 + 9*g - 3. What is y(k)?
-3
Let u(r) = -3*r - 9. Let n be -7 + 1 + 6/(-3). Determine u(n).
15
Let j(v) = v**3 + 4*v**2 + 3*v + 4. Let d be (-1)/2*(-4 + (-4)/2). Suppose -o = -5 + 1, -d*o = -3*x - 21. Determine j(x).
4
Let r(o) = o**3 - 6*o**2. Let x be r(6). Suppose -2*w + 6*w = -p + 19, x = 2*p + 4*w - 30. Let m(j) = -j**2 + 11*j - 7. Determine m(p).
-7
Let h(t) = -2*t + 16. Let n(r) = r - 11. Let a(u) = -5*h(u) - 7*n(u). Suppose 0 = -5*v + 93 - 63. Let p be (v/(-8))/(6/24). What is a(p)?
-12
Let s(f) be the first derivative of f**7/840 - f**6/90 - f**5/30 + 14*f**3/3 - 27. Let v(i) be the third derivative of s(i). What is v(5)?
5
Let l(o) be the first derivative of -4*o**3/3 - o**2/2 - 2*o - 1. Give l(-2).
-16
Let n(x) be the first derivative of -x**3/3 + 2*x**2 + 49*x + 39. Determine n(10).
-11
Let o(v) = v. Let u = 3 - -1. Suppose -2*w = 5*x - 2, -5 + 1 = 5*x - u*w. Let b = 3 - x. Determine o(b).
3
Let y = 5 - 2. Let c(a) be the second derivative of -3/2*a**2 + 0 + 6*a - 1/6*a**4 + 1/3*a**3. Calculate c(y).
-15
Let r(w) = -w - 2. Let y = -104 - -185. Let u(m) = 78 + 5*m - y - 2*m. Let l be u(-1). Determine r(l).
4
Let d(c) = c**2 - c + 1. Let t(b) = -4*b**2 + 19*b + 2. Let a(o) = -5*d(o) - t(o). What is a(-13)?
6
Let k(m) = -4*m + 5 + 7*m**2 - m**3 - 10 + 1 + 1. Calculate k(6).
9
Let y = -2069 + 2071. Let t(u) = -u + 1. What is t(y)?
-1
Let s = -59 - -57. Let g(t) be the second derivative of t**5/20 + 5*t**4/12 + t**3/3 + t**2 + 3*t. What is g(s)?
10
Let y(s) = -s**3 + 153*s + 8 - 10*s**2 - 302*s + 150*s. Calculate y(-10).
-2
Let d(y) = -4 + 0*y + 2 + 2*y - 2. Let b(h) = h**3 + 15*h**2 - 15*h + 21. Let q be b(-16). Give d(q).
6
Let a(o) = -11*o + 4. Let g(u) = 6*u - 2. Let w(v) = 3*a(v) + 5*g(v). Suppose y = 3*y - c - 8, -4*c - 26 = -5*y. Let d be (4 + y)/(1 - -1). What is w(d)?
-7
Let s(b) = -b**3 - 3*b**2 + 4*b - 4. Let g(i) = -3*i - 11. Let k(v) = 2*v + 12. Let h(u) = 4*g(u) + 5*k(u). Suppose 8 = 2*n - 12. Let c be h(n). Calculate s(c).
-4
Suppose -4*n = -0*n - 152. Suppose -5*c + n = -22. Suppose 0 = 2*m - m + l, -2*m + l + c = 0. Let s(z) = -z**3 + 3*z**2 + 5*z + 2. Calculate s(m).
6
Let g(p) = -4*p - 2. Suppose -4*y + 16 = -4*t + 52, 4*y + 3*t + 1 = 0. Calculate g(y).
14
Let f = 1 - 7. Let m(y) = 7*y**2 - 2. Let n(q) = 6*q**2 - q - 1. Let h(l) = f*n(l) + 5*m(l). Let a be -7*(144/28 - 6). Calculate h(a).
-4
Let l(g) = g**2 + 1. Let m(v) = -38*v**2 - 9*v - 4. Let q(z) = 2*l(z) + m(z). Let r(i) = 18*i**2 + 4*i + 1. Let s(k) = -3*q(k) - 7*r(k). Calculate s(-1).
-18
Let z(w) = 11*w + 50. Let a = -923 + 918. Give z(a).
-5
Let l(d) = -2*d - 2. Let a be ((-115)/(-20) + -6*1)*0. Determine l(a).
-2
Let q(r) = 2*r**3 + 5*r**2 + 3*r + 3. Let a be 2*((-48)/40)/(16/20). Give q(a).
-15
Let m(b) = 3*b**2 + b. Let r(a) = -18*a - 1. Let q be r(0). Give m(q).
2
Let i(h) = -3*h**2 - 1. Let m be i(-1). Let o be ((-3)/m)/(4/16). Suppose o = 2*w - 3. Let k(z) = z**3 - z**2 - 3*z + 1. Determine k(w).
10
Let r(h) = -13*h**2 + 1. Suppose -5*z - 5 = -3*o, -4*z - 5*o - 4 = -7*o. Determine r(z).
-12
Let p(q) = 465*q**2 - 3 - 2*q - 464*q**2 + q. Calculate p(4).
9
Let j(f) be the third derivative of -f**6/120 + f**5/15 - f**4/6 + f**3/3 + 9*f**2. Let a(p) = -4*p - 5. Let b be a(-2). Calculate j(b).
-1
Let z = -148 - -141. Let b(s) = s**3 + 8*s**2 + 2*s - 3. What is b(z)?
32
Let d = 78 - 79. Let j(k) = -k**2 + k. Determine j(d).
-2
Let v be 483/(-77) + 33/121. Let l(j) = -j**3 - 6*j**2 + 5*j + 2. Determine l(v).
-28
Let s be 0/(2/(-4)*-2). Suppose -6 = -6*t - s*t. Let a(f) be the first derivative of 2*f**3/3 + f - 3. Determine a(t).
3
Let y(o) = -5*o**2 - o + 1. Let t(q) = -11*q**2 - 2*q + 3. Let n(i) = 6*t(i) - 13*y(i). What is n(5)?
-15
Let h(k) be the first derivative of 3*k**2 + 1/3*k**3 - 4 + 0*k + 1/4*k**4. Let b(o) be the second derivative of h(o). Give b(2).
14
Let w(r) = -r - 3. Let p be w(0). Let q be (-10)/p - 4/(-6). Suppose -4*y = -q + 8. Let v(j) = -4*j. Calculate v(y).
4
Let o = 862 - 859. Let g(p) = -2*p**3 + 3*p**2 - p + 2. What is g(o)?
-28
Let a(j) = 9*j**2 + 1 - j**3 + 2 + j - 1 + j**2 + 12. What is a(10)?
24
Let s(q) = q - 1. Suppose -i + 9 = 2*i. Let f be (-1)/(160/(-52) + i). Suppose z - 15 = 4*z + c, -z = 3*c + f. Give s(z).
-5
Let w(y) be the second derivative of y**5/20 - 7*y**4/12 - 3*y**3/2 + 3*y**2 + 119*y. What is w(8)?
-2
Let u(l) = l**3 - 7*l**2 + 5*l + 4. Let d(r) = -r**2 + 6*r + 22. Let w be d(8). Suppose 0 = -3*f + w + 12. Calculate u(f).
-2
Let m(r) = 2*r + 8. Let n(i) = -7*i - 31. Let z(f) = -22*m(f) - 6*n(f). What is z(5)?
0
Let o(w) = -2*w + 12. Let n be o(5). Suppose -n*u - 4 = -6. Let d(j) = -14*j**2. Give d(u).
-14
Let o(c) = 2*c**3 + 9*c**2 - 3*c. Let g(h) = 5*h**3 + 27*h**2 - 11*h. Let a(i) = -3*g(i) + 8*o(i). Calculate a(8).
8
Let r(a) = -20*a - 1. Suppose 11*t + 12 = 5*t. Determine r(t).
39
Let m(g) = -g**2 + g - 1. Let d(i) = -i**2 + 3*i**2 - 30*i**3 - 5 + 2*i - 3*i**2 + 29*i**3. Let a(j) = d(j) - 5*m(j). Give a(2).
2
Let h(m) be the third derivative of m**6/120 + 2*m**5/15 + m**4/4 - 5*m**3/3 - 13*m**2. Suppose y + 0*y - 17 = 0. Let r = -24 + y. Calculate h(r).
-3
Let c(d) = 13*d**2 - 2*d + 1. Let z = -162 - -261. Suppose -z*p = -100*p + 1. Give c(p).
12
Let v(s) be the third derivative of -s**4/24 - 10*s**3/3 - 5*s**2. Let n be (2/10 + (-40)/(-50))*-9. What is v(n)?
-11
Let s(i) = i**3 - 2*i**2 + 4*i - 2. Let p(q) = 1. Let h(u) = 2*u**3 - 17*u**2 + 8*u + 1. Let a(f) = -h(f) + 3*p(f). Let n be a(8). What is s(n)?
6
Suppose 448*c - 452*c = 8. Let d(x) = -3*x**2 - 4*x - 2. Determine d(c).
-6
Let b(k) = 8 + 2 - 7. Let j(d) = d - 4. Let c(o) = -6*b(o) - 5*j(o). Give c(3).
-13
Let s = 648 + -646. Let o(f) be the second derivative of 0*f**3 + 1/2*f**4 + 0 + 1/20*f**5 - 6*f - 4*f**s. Calculate o(-6).
-8
Let u(m) = -m**3 - 4*m**2 + 5*m - 1. Let c be (-5)/(-10)*-5*4. Let t be 4/c - (-23)/(-5). What is u(t)?
-1
Let b(z) = 2*z - 4. Let i = 70 + -67. Suppose 0 = -c + 5 - i. Determine b(c).
0
Let v = -6 + 3. Let s(p) be the second derivative of 0*p**3 + 